{"id":431,"date":"2015-02-22T19:55:57","date_gmt":"2015-02-22T19:55:57","guid":{"rendered":"http:\/\/wp\/enfold-medium-business\/?page_id=11"},"modified":"2025-02-28T10:53:41","modified_gmt":"2025-02-28T09:53:41","slug":"home","status":"publish","type":"page","link":"https:\/\/apoteka-cankova.si\/","title":{"rendered":"Home"},"content":{"rendered":"\n<style type=\"text\/css\" data-created_by=\"avia_inline_auto\" id=\"style-css-av-bb5psv-1d417b48381348d945a00938800133cf\">\n.avia-section.av-bb5psv-1d417b48381348d945a00938800133cf{\nbackground-repeat:no-repeat;\nbackground-image:url(https:\/\/apoteka-cankova.si\/wp-content\/uploads\/2025\/02\/ozadje_apoteka-scaled.jpg);\nbackground-position:0% 0%;\nbackground-attachment:scroll;\n}\n.avia-section.av-bb5psv-1d417b48381348d945a00938800133cf .av-section-color-overlay{\nopacity:0.8;\nbackground-color:#4ecac2;\n}\n<\/style>\n<div id='av_section_1'  class='avia-section av-bb5psv-1d417b48381348d945a00938800133cf main_color avia-section-default avia-no-border-styling  avia-builder-el-0  el_before_av_section  avia-builder-el-first  avia-bg-style-scroll av-section-color-overlay-active av-minimum-height av-minimum-height-100 av-height-100  container_wrap sidebar_right'  data-section-bg-repeat='no-repeat' data-av_minimum_height_pc='100' data-av_min_height_opt='100'><div class=\"av-section-color-overlay-wrap\"><div class=\"av-section-color-overlay\"><\/div><a href='#next-section' title='' class='scroll-down-link ' aria-hidden='true' data-av_icon='\ue877' data-av_iconfont='entypo-fontello'><\/a><div class='container av-section-cont-open' ><main  role=\"main\" itemprop=\"mainContentOfPage\"  class='template-page content  av-content-small alpha units'><div class='post-entry post-entry-type-page post-entry-431'><div class='entry-content-wrapper clearfix'>\n<div  class='flex_column av-9yv3iv-cd2113e45940878b3f08d04f013b6d38 av_one_fourth  avia-builder-el-1  el_before_av_three_fourth  avia-builder-el-first  first flex_column_div  '     ><\/div><div  class='flex_column av-b3lkqf-c483563dc02b010fbb711028182bb6af av_three_fourth  avia-builder-el-2  el_after_av_one_fourth  avia-builder-el-last  flex_column_div  '     ><p>\n<style type=\"text\/css\" data-created_by=\"avia_inline_auto\" id=\"style-css-av-aycaov-caa86634a9715de0c67c2f3b75abc875\">\n#top .av-rotator-container.av-aycaov-caa86634a9715de0c67c2f3b75abc875{\ntext-align:left;\ncolor:#ffffff;\n}\n#top #wrap_all .av-rotator-container.av-aycaov-caa86634a9715de0c67c2f3b75abc875 .av-rotator-container-inner{\nfont-size:63px;\n}\n<\/style>\n\n<style type=\"text\/css\" data-created_by=\"avia_inline_auto\" id=\"style-css-sub-av-aycaov-caa86634a9715de0c67c2f3b75abc875\">\n#top .av-rotator-container .av-rotator-text-single.av-12w8if-694d9a963661eae779979c934a569052{\ncolor:#315e5b;\n}\n#top .av-rotator-container .av-rotator-text-single.av-amkmdj-6943c977a5d5cb7681ceddb0082f4fa1{\ncolor:#315e5b;\n}\n<\/style>\n<div  class='av-rotator-container av-rotation-container-left av-aycaov-caa86634a9715de0c67c2f3b75abc875  avia-builder-el-3  el_before_av_hr  avia-builder-el-first ' data-interval='3' data-animation='1'><h2 class='av-rotator-container-inner'>30 LET SKRBI ZA VA\u0160E ZDRAVJE<span class='av-rotator-text av-rotator-multiline-on'>\n<span class='av-rotator-text-single av-12w8if-694d9a963661eae779979c934a569052 av-rotator-text-single-1' >Z VAMI !<\/span>\n<span class='av-rotator-text-single av-amkmdj-6943c977a5d5cb7681ceddb0082f4fa1 av-rotator-text-single-2' >Z VAMI, ZA VAS!<\/span>\n<\/span><\/h2><\/div><br \/>\n\n<style type=\"text\/css\" data-created_by=\"avia_inline_auto\" id=\"style-css-av-a7zqjj-ced88ef3ec394ff858b6f985b96be636\">\n#top .hr.av-a7zqjj-ced88ef3ec394ff858b6f985b96be636{\nmargin-top:40px;\nmargin-bottom:40px;\n}\n.hr.av-a7zqjj-ced88ef3ec394ff858b6f985b96be636 .hr-inner{\nwidth:100px;\nborder-color:#ffffff;\n}\n<\/style>\n<div  class='hr av-a7zqjj-ced88ef3ec394ff858b6f985b96be636 hr-custom  avia-builder-el-4  el_after_av_headline_rotator  avia-builder-el-last  hr-left hr-icon-no'><span class='hr-inner inner-border-av-border-fat'><span class=\"hr-inner-style\"><\/span><\/span><\/div><\/p><\/div>\n\n<\/div><\/div><\/main><!-- close content main element --><\/div><\/div><\/div><div id='onas'  class='avia-section av-9hquc7-ae3241d3baeba77878f6ecc0042c8308 main_color avia-section-large avia-no-border-styling  avia-builder-el-5  el_after_av_section  el_before_av_section  avia-bg-style-scroll container_wrap sidebar_right'  ><div class='container av-section-cont-open' ><div class='template-page content  av-content-small alpha units'><div class='post-entry post-entry-type-page post-entry-431'><div class='entry-content-wrapper clearfix'>\n<div  class='flex_column av-9b5x0n-3d4bdfaef0042edc652449248bad9ba5 av_one_fifth  avia-builder-el-6  el_before_av_three_fifth  avia-builder-el-first  first flex_column_div  '     ><\/div><div  class='flex_column av-965hnb-b84540d01f4f5bab47232cadac0e746e av_three_fifth  avia-builder-el-7  el_after_av_one_fifth  el_before_av_one_fifth  flex_column_div  '     ><p>\n<style type=\"text\/css\" data-created_by=\"avia_inline_auto\" id=\"style-css-av-8zi0i7-5715c7b0ec413365aa74474045e3bf29\">\n#top .av-special-heading.av-8zi0i7-5715c7b0ec413365aa74474045e3bf29{\npadding-bottom:10px;\nfont-size:40px;\n}\nbody .av-special-heading.av-8zi0i7-5715c7b0ec413365aa74474045e3bf29 .av-special-heading-tag .heading-char{\nfont-size:25px;\n}\n#top #wrap_all .av-special-heading.av-8zi0i7-5715c7b0ec413365aa74474045e3bf29 .av-special-heading-tag{\nfont-size:40px;\n}\n.av-special-heading.av-8zi0i7-5715c7b0ec413365aa74474045e3bf29 .av-subheading{\nfont-size:15px;\n}\n\n@media only screen and (min-width: 480px) and (max-width: 767px){ \n#top #wrap_all .av-special-heading.av-8zi0i7-5715c7b0ec413365aa74474045e3bf29 .av-special-heading-tag{\nfont-size:0.8em;\n}\n}\n\n@media only screen and (max-width: 479px){ \n#top #wrap_all .av-special-heading.av-8zi0i7-5715c7b0ec413365aa74474045e3bf29 .av-special-heading-tag{\nfont-size:0.8em;\n}\n}\n<\/style>\n<div  class='av-special-heading av-8zi0i7-5715c7b0ec413365aa74474045e3bf29 av-special-heading-h1 blockquote modern-quote modern-centered  avia-builder-el-8  el_before_av_textblock  avia-builder-el-first  av-thin-font av-inherit-size'><h1 class='av-special-heading-tag '  itemprop=\"headline\"  ><span class='special_amp'>&#8220;<\/span>Celovita skrb za <strong>va\u0161e zdravje<\/strong> \u2013 od izdaje zdravil do strokovnega svetovanja!<span class='special_amp'>&#8221;<\/span><\/h1><div class=\"special-heading-border\"><div class=\"special-heading-inner-border\"><\/div><\/div><\/div><br \/>\n\n<style type=\"text\/css\" data-created_by=\"avia_inline_auto\" id=\"style-css-av-m7ndvvp3-79ac7806dcfeb91c5d9d88aea20215ff\">\n#top .av_textblock_section.av-m7ndvvp3-79ac7806dcfeb91c5d9d88aea20215ff .avia_textblock{\nfont-size:18px;\ntext-align:center;\n}\n<\/style>\n<section  class='av_textblock_section av-m7ndvvp3-79ac7806dcfeb91c5d9d88aea20215ff '   itemscope=\"itemscope\" itemtype=\"https:\/\/schema.org\/CreativeWork\" ><div class='avia_textblock'  itemprop=\"text\" ><p>\u017de 30 let skrbimo za va\u0161e zdravje z izdajo zdravil na recept in brez recepta, izdelavo magistralnih zdravil ter strokovnim svetovanjem za varno in pravilno uporabo.<\/p>\n<p>Poleg tega zagotavljamo medicinsko-tehni\u010dne pripomo\u010dke, prehranska dopolnila, kozmeti\u010dne izdelke ter svetovanje za zdrav \u017eivljenjski slog.<\/p>\n<p><strong>Z vami in za vas \u2013 \u017ee tri desetletja!<\/strong><\/p>\n<\/div><\/section><\/p><\/div><div  class='flex_column av-8t5zef-7297b8bbe1e344f9fa3fb1abfc16eb2f av_one_fifth  avia-builder-el-10  el_after_av_three_fifth  el_before_av_hr  flex_column_div  '     ><\/div>\n<style type=\"text\/css\" data-created_by=\"avia_inline_auto\" id=\"style-css-av-8p44mn-859362c86be17c8c47274e308a99b506\">\n#top .hr.av-8p44mn-859362c86be17c8c47274e308a99b506{\nmargin-top:40px;\nmargin-bottom:0;\n}\n.hr.av-8p44mn-859362c86be17c8c47274e308a99b506 .hr-inner{\nwidth:100px;\nborder-color:#000000;\n}\n<\/style>\n<div  class='hr av-8p44mn-859362c86be17c8c47274e308a99b506 hr-custom  avia-builder-el-11  el_after_av_one_fifth  avia-builder-el-last  hr-center hr-icon-no'><span class='hr-inner inner-border-av-border-fat'><span class=\"hr-inner-style\"><\/span><\/span><\/div>\n\n<\/div><\/div><\/div><!-- close content main div --><\/div><\/div>\n<style type=\"text\/css\" data-created_by=\"avia_inline_auto\" id=\"style-css-av-5ll59z-efe19e1ea1f774be052f7a525d611ac8\">\n.avia-section.av-5ll59z-efe19e1ea1f774be052f7a525d611ac8 .av-parallax .av-parallax-inner{\nbackground-color:#f8f8f8;\nbackground-image:url(https:\/\/apoteka-cankova.si\/wp-content\/uploads\/2025\/02\/odpiralni-cas.jpg);\nbackground-repeat:no-repeat;\nbackground-position:100% 50%;\nbackground-attachment:scroll;\n}\n.avia-section.av-5ll59z-efe19e1ea1f774be052f7a525d611ac8 .av-section-color-overlay{\nopacity:0.3;\nbackground-color:#ffffff;\n}\n<\/style>\n<div id='av_section_3'  class='avia-section av-5ll59z-efe19e1ea1f774be052f7a525d611ac8 main_color avia-section-large avia-no-border-styling  avia-builder-el-12  el_after_av_section  el_before_av_heading  avia-full-stretch av-parallax-section avia-bg-style-parallax av-section-color-overlay-active av-minimum-height av-minimum-height-75 av-height-75  container_wrap sidebar_right'  data-section-bg-repeat='stretch' data-av_minimum_height_pc='75' data-av_min_height_opt='75'><div class='av-parallax' data-avia-parallax-ratio='0.3' ><div class='av-parallax-inner main_color avia-full-stretch'><\/div><\/div><div class=\"av-section-color-overlay-wrap\"><div class=\"av-section-color-overlay\"><\/div><div class='container av-section-cont-open' ><div class='template-page content  av-content-small alpha units'><div class='post-entry post-entry-type-page post-entry-431'><div class='entry-content-wrapper clearfix'>\n<div  class='flex_column av-5fp9yn-d982e02bd0b1f633f487c3be5f3a4a9a av_three_fifth  avia-builder-el-13  el_before_av_two_fifth  avia-builder-el-first  first flex_column_div  '     ><\/div><div  id=\"odpiralni-cas\"  class='flex_column av-55f6nr-fa987bddde5d3e59b8f4a1e29b267451 av_two_fifth  avia-builder-el-14  el_after_av_three_fifth  avia-builder-el-last  flex_column_div  '     ><p>\n<style type=\"text\/css\" data-created_by=\"avia_inline_auto\" id=\"style-css-av-51x1rj-eac36130fb6043e32df5d7a03c4d6b6a\">\n#top .av-special-heading.av-51x1rj-eac36130fb6043e32df5d7a03c4d6b6a{\npadding-bottom:10px;\n}\nbody .av-special-heading.av-51x1rj-eac36130fb6043e32df5d7a03c4d6b6a .av-special-heading-tag .heading-char{\nfont-size:25px;\n}\n.av-special-heading.av-51x1rj-eac36130fb6043e32df5d7a03c4d6b6a .av-subheading{\nfont-size:15px;\n}\n<\/style>\n<div  class='av-special-heading av-51x1rj-eac36130fb6043e32df5d7a03c4d6b6a av-special-heading-h1 blockquote modern-quote  avia-builder-el-15  el_before_av_hr  avia-builder-el-first  av-thin-font'><h1 class='av-special-heading-tag '  itemprop=\"headline\"  ><strong>Odpiralni \u010das<\/strong><\/h1><div class=\"special-heading-border\"><div class=\"special-heading-inner-border\"><\/div><\/div><\/div><br \/>\n\n<style type=\"text\/css\" data-created_by=\"avia_inline_auto\" id=\"style-css-av-4yinwf-b32c4ce8887f35d7af025d1dcd382c99\">\n#top .hr.av-4yinwf-b32c4ce8887f35d7af025d1dcd382c99{\nmargin-top:10px;\nmargin-bottom:10px;\n}\n.hr.av-4yinwf-b32c4ce8887f35d7af025d1dcd382c99 .hr-inner{\nwidth:100px;\nborder-color:#000000;\n}\n<\/style>\n<div  class='hr av-4yinwf-b32c4ce8887f35d7af025d1dcd382c99 hr-custom  avia-builder-el-16  el_after_av_heading  el_before_av_textblock  hr-left hr-icon-no'><span class='hr-inner inner-border-av-border-fat'><span class=\"hr-inner-style\"><\/span><\/span><\/div><br \/>\n\n<style type=\"text\/css\" data-created_by=\"avia_inline_auto\" id=\"style-css-av-4s1tyf-09914df9995ab20775cb72ca67bc1934\">\n#top .av_textblock_section.av-4s1tyf-09914df9995ab20775cb72ca67bc1934 .avia_textblock{\nfont-size:18px;\ncolor:#000000;\n}\n<\/style>\n<section  class='av_textblock_section av-4s1tyf-09914df9995ab20775cb72ca67bc1934 '   itemscope=\"itemscope\" itemtype=\"https:\/\/schema.org\/CreativeWork\" ><div class='avia_textblock av_inherit_color'  itemprop=\"text\" ><p>PONEDELJEK 11.00 \u2013 20.00<br \/>\nTOREK 7.00 \u2013 15.00<br \/>\nSREDA 7.00 \u2013 15.00<br \/>\n\u010cETRTEK 7.00 \u2013 15.00<br \/>\nPETEK 7.00 \u2013 14.00<\/p>\n<\/div><\/section><br \/>\n<section  class='av_textblock_section av-m7neex9b-2a34a72a0f19f9679fe4fad44139ac04 '   itemscope=\"itemscope\" itemtype=\"https:\/\/schema.org\/CreativeWork\" ><div class='avia_textblock'  itemprop=\"text\" ><p><strong>Sobota, Nedelja in prazniki &#8211; ZAPRTO !<\/strong><\/p>\n<p><strong>De\u017eurna lekarna je v Murski Soboti, Kocljeva ulica 2, 9000 Murska Sobota.<\/strong><\/p>\n<\/div><\/section><\/p><\/div><\/div><\/div><\/div><!-- close content main div --><\/div><\/div><\/div><div id='after_section_3'  class='main_color av_default_container_wrap container_wrap sidebar_right'  ><div class='container av-section-cont-open' ><div class='template-page content  av-content-small alpha units'><div class='post-entry post-entry-type-page post-entry-431'><div class='entry-content-wrapper clearfix'>\n<style type=\"text\/css\" data-created_by=\"avia_inline_auto\" id=\"style-css-av-m7oiqj8u-ad4929bfc6e9a90f323091f760fcf209\">\n#top .av-special-heading.av-m7oiqj8u-ad4929bfc6e9a90f323091f760fcf209{\npadding-bottom:10px;\n}\nbody .av-special-heading.av-m7oiqj8u-ad4929bfc6e9a90f323091f760fcf209 .av-special-heading-tag .heading-char{\nfont-size:25px;\n}\n.av-special-heading.av-m7oiqj8u-ad4929bfc6e9a90f323091f760fcf209 .av-subheading{\nfont-size:15px;\n}\n<\/style>\n<div  class='av-special-heading av-m7oiqj8u-ad4929bfc6e9a90f323091f760fcf209 av-special-heading-h1 blockquote modern-quote  avia-builder-el-19  el_after_av_section  el_before_av_hr  avia-builder-el-first  av-thin-font'><h1 class='av-special-heading-tag '  itemprop=\"headline\"  ><strong>Kako do nas?<\/strong><\/h1><div class=\"special-heading-border\"><div class=\"special-heading-inner-border\"><\/div><\/div><\/div><\/p>\n\n<style type=\"text\/css\" data-created_by=\"avia_inline_auto\" id=\"style-css-av-b5jkv-cec0def4ee7f532c4a732778e1e81d67\">\n#top .hr.av-b5jkv-cec0def4ee7f532c4a732778e1e81d67{\nmargin-top:10px;\nmargin-bottom:10px;\n}\n.hr.av-b5jkv-cec0def4ee7f532c4a732778e1e81d67 .hr-inner{\nwidth:100px;\nborder-color:#000000;\n}\n<\/style>\n<div  class='hr av-b5jkv-cec0def4ee7f532c4a732778e1e81d67 hr-custom  avia-builder-el-20  el_after_av_heading  el_before_av_google_map  avia-builder-el-last  hr-left hr-icon-no'><span class='hr-inner inner-border-av-border-fat'><span class=\"hr-inner-style\"><\/span><\/span><\/div>\n<div  id=\"kakodonas\"  class='av_gmaps_sc_main_wrap av_gmaps_main_wrap '><div id='av_gmap_0' class='avia-google-map-container avia-google-map-sc av_gmaps_show_unconditionally av-no-fallback-img ' data-mapid='av_gmap_0'  style='height: 400px;'><a class=\"av_gmaps_browser_disabled av_text_confirm_link av_text_confirm_link_visible\" href=\"https:\/\/www.google.com\/maps\/search\/?api=1&#038;query=cankova%2065%209261%20Cankova%20%20Slovenia\" target=\"_blank\">Maps were disabled by the visitor on this site. Click to open the map in a new window.<\/a><\/div><\/div>\n","protected":false},"excerpt":{"rendered":"","protected":false},"author":1,"featured_media":0,"parent":0,"menu_order":0,"comment_status":"open","ping_status":"open","template":"","meta":{"footnotes":""},"class_list":["post-431","page","type-page","status-publish","hentry"],"_links":{"self":[{"href":"https:\/\/apoteka-cankova.si\/index.php?rest_route=\/wp\/v2\/pages\/431","targetHints":{"allow":["GET"]}}],"collection":[{"href":"https:\/\/apoteka-cankova.si\/index.php?rest_route=\/wp\/v2\/pages"}],"about":[{"href":"https:\/\/apoteka-cankova.si\/index.php?rest_route=\/wp\/v2\/types\/page"}],"author":[{"embeddable":true,"href":"https:\/\/apoteka-cankova.si\/index.php?rest_route=\/wp\/v2\/users\/1"}],"replies":[{"embeddable":true,"href":"https:\/\/apoteka-cankova.si\/index.php?rest_route=%2Fwp%2Fv2%2Fcomments&post=431"}],"version-history":[{"count":84,"href":"https:\/\/apoteka-cankova.si\/index.php?rest_route=\/wp\/v2\/pages\/431\/revisions"}],"predecessor-version":[{"id":647,"href":"https:\/\/apoteka-cankova.si\/index.php?rest_route=\/wp\/v2\/pages\/431\/revisions\/647"}],"wp:attachment":[{"href":"https:\/\/apoteka-cankova.si\/index.php?rest_route=%2Fwp%2Fv2%2Fmedia&parent=431"}],"curies":[{"name":"wp","href":"https:\/\/api.w.org\/{rel}","templated":true}]}}